4*g - 1. Let u be q(-3). Suppose -7*r = -y - 3*r + 49, 2*y - u*r - 92 = 0. What is the remainder when 177 is divided by y?
42
Suppose 8*c = 261 - 53. Calculate the remainder when 203 is divided by c.
21
What is the remainder when 136 is divided by (12 + -18)/(-1 - 9/(-12))?
16
Let a(i) = -i**3 - 12*i**2 - 11*i - 2. Let n be a(-11). Let p be n + 2 - 2 - -292. Suppose 58 = -4*f + p. Calculate the remainder when f is divided by 15.
13
Let c(b) = 58*b**2 - 1. Let g(y) be the first derivative of y**3/3 + 17*y**2/2 - 3*y - 11. Calculate the remainder when c(1) is divided by g(-18).
12
Suppose 8 = -2*t + 6. Calculate the remainder when 72 is divided by ((-15)/(-2)*t)/(15/(-30)).
12
Let d(v) = -3*v**2 + 1. Let g be d(2). Let m = 32 + g. What is the remainder when 2/(-11) - (-1359)/33 is divided by m?
20
Suppose b = 5*s - 354 - 86, 4*b + 20 = 0. Calculate the remainder when s is divided by 11.
10
Let n = 0 - -47. Let c(o) = 12*o**2 + 2*o - 2. Let g be c(1). Suppose 2*q + 2*z = -0*q + 24, 3*z - g = -q. What is the remainder when n is divided by q?
11
Let n(y) = 27*y + 7. Calculate the remainder when n(2) is divided by 22.
17
Let b = -1687 - -1765. Calculate the remainder when 857 is divided by b.
77
Let x(q) = -q**2 + q + 57. Let f(w) = 47*w - 11. Let z be f(3). What is the remainder when x(0) is divided by z/39*18/5?
9
Let o(c) = -5*c**2 + 9*c + 14 + 4*c**2 - 25. Calculate the remainder when (1 - (-2)/(-4))*10 is divided by o(7).
2
Calculate the remainder when (-4 + (-57)/(-6))/((-2)/(-4)) is divided by 11.
0
Let d(b) = 6*b - 27. Suppose 260 = -0*g - 5*g. Let k = g + 79. What is the remainder when d(13) is divided by k?
24
Let b = -5260 + 5487. Let j(l) = 3*l**2 - l + 2. What is the remainder when b is divided by j(4)?
43
Let f = 76 - 22. Let j = f + -24. What is the remainder when 78 is divided by (j - (1 - 3))/2?
14
Suppose -9*v + 351 + 81 = 0. Calculate the remainder when 94 is divided by v.
46
Let p be 4/(-26) - 6173/13. Let a = -267 - p. What is the remainder when a is divided by 21?
19
Let c be (-6)/12*2*-233. Suppose 3*t - c + 56 = 0. Calculate the remainder when t is divided by 15.
14
Suppose 0 = 2*p - 0*p + 114. What is the remainder when 4/((-3)/p*2) is divided by 13?
12
Suppose 0*d - 1300 = -2*d + 2*o, -1958 = -3*d + 5*o. What is the remainder when d is divided by 59?
56
Suppose 137 = 3*r - 2*i, r = -i + 29 + 25. Calculate the remainder when 342 is divided by r.
48
Suppose -5*h - 5 = 5*b, -4*h + 5*h = b + 3. Let n(g) = 4*g - 2. Let l be n(2). Let x = l - h. What is the remainder when 17 is divided by x?
2
Let u be 2/((-3)/(-4) + -1). Let k(d) = d**2 + 5*d - 11. Calculate the remainder when k(u) is divided by 3.
1
Suppose -5*w + 4 = -1. Suppose 5*b - w = -4*d, b + d + 3*d = -3. Let j = 56 - b. What is the remainder when j is divided by 19?
17
Suppose 3*v + 2*v = -85. Let o = 27 + v. Calculate the remainder when 7 is divided by (12/o)/((-2)/(-5)).
1
Suppose d = 2*n + 89, -10*n = -5*n - 25. What is the remainder when d is divided by 35?
29
Let b(l) = 6*l**2 - 9*l + 22. Let m(w) = 7*w**2 - 8*w + 23. Let i(c) = 6*b(c) - 5*m(c). What is the remainder when 4/(-14) + (-200)/(-14) is divided by i(13)?
2
Suppose -2*a - 2*x = -28, 7*a = 12*a - 4*x - 52. Let l(o) = 70*o. Let i be l(2). Suppose 0 = -3*q + i - 38. What is the remainder when q is divided by a?
10
Suppose 0*b + 12 = 2*b. Suppose 181*k = 183*k - 44. What is the remainder when k is divided by b?
4
Let q be 444/1*(-15)/(-30). Suppose -r + 50 = -5*o, -4*r + q + 14 = -2*o. Let w = 107 - r. What is the remainder when w is divided by 8?
7
Let i(l) = -l**3 + 5*l**2 + 22*l + 3. What is the remainder when 589 is divided by i(7)?
58
Let s(r) = -r**2 - 14*r - 19. Let t be s(-11). Suppose -40 = -3*h + t. What is the remainder when 52 is divided by h?
16
Let s = 78 + -83. Let q(k) = k**3 + 5*k**2 - k + 11. Calculate the remainder when q(s) is divided by 10.
6
Let a be (0 + 2)/(-1) + 2. Let g(h) = h**3 - h + 9. Let r(k) = -k**2 + 14*k + 11. What is the remainder when r(12) is divided by g(a)?
8
Let a be (-2988)/99 + (-4)/(-22). Calculate the remainder when 3/(-2 - 1) - a is divided by 15.
14
Let a = -165 + 178. What is the remainder when 75 is divided by a?
10
Let d(c) = c**2 + 7*c + 11. Let r be d(-5). Calculate the remainder when r - 2 - (6/(-2) - 33) is divided by 12.
11
Let c = -19 - -16. Calculate the remainder when 27 is divided by (c - -4)/(3/42).
13
Suppose 275*y - 277*y + 176 = 0. Calculate the remainder when y is divided by 74.
14
Let r be 40 + 3 + -2 + 1. Calculate the remainder when (r/9 - 2)*6 is divided by 8*(2 + (-20)/16).
4
Let p(y) be the second derivative of -y**5/20 - 19*y**4/12 - 4*y**3 + 21*y**2/2 + 17*y. Calculate the remainder when p(-18) is divided by 11.
8
Let i = 672 - 483. Calculate the remainder when i is divided by 49.
42
Suppose -3*v + k = -296, 2*k + 2 = k. Let w(g) = -7*g - 2. Let y(t) = t**3 + t**2 - 1. Let h be y(-2). What is the remainder when v is divided by w(h)?
32
Suppose -220 = -17*v + 7*v. What is the remainder when 64 is divided by v?
20
Suppose 5*h = 1570 - 11130. Let i be (5/4)/(2/h). Calculate the remainder when i/(-15) + 2/(-3) is divided by 27.
25
Let l(n) = n**3 - 4*n**2 - 7*n + 10. Let y be l(5). Suppose y = -4*r, -f + r + 34 = f. Calculate the remainder when f is divided by 11.
6
Let f(o) = o**3 - 20*o**2 + 9*o - 38. What is the remainder when f(20) is divided by 29?
26
Suppose 3*l - 8 = 5*l - 4*y, 0 = -l - 5*y + 24. Suppose -l*n + 3*n + 56 = 0. Suppose 4*m + 20 - n = 0. Calculate the remainder when 24 is divided by m.
6
Suppose 8*c - 45 = 3*c - l, 4*c + 5*l - 57 = 0. Suppose -c*v = -10*v + 110. Let t = -14 + v. What is the remainder when t is divided by 14?
13
Suppose -4*t + 131 = -o, 0 = -4*t - 0*o + 3*o + 129. Calculate the remainder when 107 is divided by t.
8
Suppose 4*q = -2*p + 70, 3*q - 18*p = -21*p + 57. What is the remainder when 799 is divided by q?
15
Suppose -4*l - 2*p + 4 = 2*p, -5*p + 20 = 0. Let j(c) = -10*c + 1. Calculate the remainder when j(l) is divided by 16.
15
Let g(t) = 14*t + 203. What is the remainder when 47 is divided by g(-14)?
5
Let w(n) = -n**3 + 8*n**2 - 6*n - 8. Let g = 16 - 9. Let j be w(g). Calculate the remainder when 1 is divided by 0 - (1 - (3 + j)).
0
Suppose 0*w = -3*w + 267. Suppose -4*p = b - 35, -5*b + 9*p = 11*p - 121. What is the remainder when w is divided by b?
20
Suppose q + 634 = 3*u, -7*q + 412 = 2*u - 5*q. What is the remainder when u is divided by 71?
68
Let i(f) be the first derivative of -f**4/4 + 8*f**3/3 - 13*f**2/2 + 14*f - 11. Calculate the remainder when i(6) is divided by 1.
0
Let i(b) = -2*b**3 - 10*b**2 - 2*b - 10. Let h be i(-5). Suppose 8*g - 54 - 34 = h. What is the remainder when g is divided by 7?
4
Let t = -12 + -63. Let f = 101 + t. What is the remainder when 100 is divided by f?
22
Suppose -2*t + 71 = p, 3*p - 4*t = 125 + 128. What is the remainder when 233 is divided by p?
75
Suppose -4*f + r = -12, f + 4*f - 15 = 5*r. Suppose -31 = f*a - 91. Suppose 0 = 4*t - 430 + 42. What is the remainder when t is divided by a?
17
Let x = 14 - 9. What is the remainder when 29 is divided by 2/(-6)*(-120)/(-1 + x)?
9
Let h(g) = -3*g + 6*g - 5*g + 0*g. What is the remainder when 61 is divided by h(-8)?
13
Suppose 6635*q = 6621*q + 294. Suppose 29 = t - 7. Calculate the remainder when t is divided by q.
15
Let d(q) = 6*q**2 + 3*q - 4. Let y be d(2). Let r = y + -7. Let o = r + -18. Calculate the remainder when 1 is divided by o.
0
Suppose 4*b - 16 = 3*b. Let v(k) = -85*k + 2. Let o be v(-1). Let i = o + -41. What is the remainder when i is divided by b?
14
Let v = 17 - -191. Calculate the remainder when (-10)/(-4)*v/65 is divided by 3.
2
Let a(f) = 23*f**2 - 4*f - 1. What is the remainder when a(-2) is divided by 10?
9
Let o(v) = -v**3 - 18*v**2 + 17*v - 22. What is the remainder when 110 is divided by o(-19)?
14
Suppose -2*b = 5*b - 49. Suppose 745 + 473 = b*c. Calculate the remainder when c is divided by 35.
34
Suppose 0 = -2*r + 14 - 6. Suppose g + 4 = 2*k + 2, -r*k = 4*g - 40. What is the remainder when 21 is divided by g?
3
Suppose -1651 = 66*r - 79*r. Calculate the remainder when r is divided by 8.
7
Let k(t) = t + 28. Calculate the remainder when 41 is divided by k(-14).
13
Let a(z) = -120*z